?
7
Let a(i) = i**3 + 9*i**2 + 8*i - 5. Let j be a(-6). Let w = -43 + 13. Let v be (w/(-12))/(1/2). Calculate the highest common divisor of v and j.
5
Let d(a) = -4 + 34*a + 1 - 5 - 4. Let i be d(6). What is the greatest common divisor of i and 12?
12
Let l be (-1 - (-3 + 1)) + 259 + -20. Calculate the greatest common divisor of l and 30.
30
Let h be 0 + 3 - 1*-24. Suppose -2*p = -3*d - 0*d + 167, -4*p - 4*d - 324 = 0. Let r = p - -136. What is the highest common factor of h and r?
27
Suppose 3*o + 163 = 166. Calculate the greatest common factor of 131 and o.
1
Let v be 7/14*1*2. Let u be (-75)/10*-6 - v. Calculate the greatest common divisor of 66 and u.
22
Let y = 373 + -351. Let x(t) = -7*t - 22. Let d be x(-11). What is the highest common factor of y and d?
11
Let g = 35 + -15. Suppose -4*s + 0 = -g. Let i be 3/4 - (-3)/12. What is the highest common factor of i and s?
1
Let n be ((-88)/(-28))/(3/84). What is the greatest common divisor of n and 2816?
88
Let f(n) = -14 - n**3 - 49*n**2 - 2*n + 3*n - 2*n + 57*n**2. Let q be f(6). What is the greatest common divisor of 13 and q?
13
Suppose 0 = 3*t + 20 - 134. What is the greatest common divisor of t and 57?
19
Let n = -5 - -8. Suppose -8*i - 9 = -12*i + 5*p, 0 = -i + p + 3. What is the greatest common factor of n and i?
3
Let k = 26 + 30. Suppose 0 = -a - 3*a - k. Let z be (2 - a)*(1 - -1). Calculate the greatest common divisor of z and 80.
16
Suppose 0 = 4*q - 5*q + 5. Suppose -7 = -2*p - q. Let y be (15/(6 + -11))/(2/(-4)). What is the greatest common divisor of p and y?
1
Suppose 3*x + 2*x - 5*y = 1990, 5*x - 2*y = 1984. Suppose -2*b = -6*b + x. Calculate the greatest common factor of b and 9.
9
Let j = 74 + -2. What is the greatest common divisor of 108 and j?
36
Let u be (-2)/(-5 - -1)*8. Suppose 148 = u*a + 16. What is the greatest common divisor of a and 22?
11
Let t = -84 - -120. Let i(n) = -n**3 + 19*n**2 - 29*n + 5. Let u be i(17). What is the highest common factor of u and t?
18
Let f be -4 + 8 - -16 - 4. Calculate the highest common divisor of 6 and f.
2
Let a(k) = k**2 + 20*k + 22. Let n be a(-19). Let f(p) = -8*p. Let g be f(-1). Let v be (1 - -14)/(g - 7). What is the greatest common factor of n and v?
3
Suppose -17*s + 664 + 1886 = 0. What is the greatest common divisor of s and 375?
75
Let l be ((-15)/6)/(1/(-4)). Let t(b) = 3*b**2 - 29*b - 1. Let o be t(l). What is the greatest common factor of o and 36?
9
Suppose -130 = 8*j - 21*j. Let b(l) = -2*l**3 - 3*l**2 - 3*l + 4. Let i be b(-3). Calculate the greatest common factor of i and j.
10
Let z = 75 - 41. What is the greatest common divisor of z and 102?
34
Let p = -6 + 19. Suppose -5*k = -504 - 396. Suppose -3*m + k = 3*j, 4*j + m - 278 = -23. What is the greatest common divisor of p and j?
13
Let q be 2 - 3 - (5 - 65). Suppose q = -4*o + 75. What is the highest common divisor of o and 14?
2
Let y(q) = -q**2 + 9*q - 12. Let x be y(5). Let v(s) = -s**2 + s + 7. Let h be v(x). Let a be (4/(-7))/(14/h). Calculate the highest common divisor of a and 14.
2
Suppose 3*m = -2*x + 1, -5 = -2*x + 5*m + 4. Suppose 6*c - 2*c = -3*d + 46, x*d - 5*c - 23 = 0. Calculate the greatest common factor of d and 35.
7
Let n = 599 + -137. Suppose 3*g + n = 5*a, a = 4*g + 96 + 10. Let q be ((-10)/25)/((-2)/a). Calculate the highest common factor of q and 9.
9
Let s = 83 + 37. Let w be ((-32)/6*-1)/(12/54). Calculate the highest common factor of w and s.
24
Suppose -i = -2*s + 625, 5*s - 32 = 2*i + 1530. Calculate the greatest common factor of s and 108.
12
Suppose -4*d + d = -36. Suppose 3*v + 2 - 14 = 0. Suppose w = 3*r + v*w - 186, 2 = w. What is the greatest common factor of d and r?
12
Suppose 22 = -t + 27. Calculate the highest common divisor of t and 41.
1
Let y(c) = -c + 5. Let d be y(-7). Suppose -7*l = -d*l + 65. Suppose 14*x = l*x + 2. What is the greatest common divisor of 16 and x?
2
Suppose -38 = -0*t - t. Suppose -468 = -t*s + 34*s. What is the highest common factor of 13 and s?
13
Suppose 4752 = -111*l + 120*l. Calculate the highest common factor of l and 44.
44
Let j = -91 + 127. Suppose -4*t - 187*v = -188*v - 70, 5*v = 10. Calculate the highest common factor of t and j.
18
Let f = -2 + 21. Let w = f + -12. Suppose 0 = -3*h - q + 152, 4*q - 8 - 12 = 0. What is the highest common divisor of h and w?
7
Suppose -2*p + 34 = p - 4*c, 4*p = 2*c + 32. Suppose 25*a + p = 27*a. Calculate the greatest common divisor of 33 and a.
3
Suppose 4*v + 4*h = -148, -5*v - 3*h - 204 = -9. Let o(b) = -b**2 + 2*b - 33. Let g be o(0). Let a = g - v. Calculate the greatest common factor of 36 and a.
9
Let o = -3 + 4. Suppose -2 = t + o. Let v be (-180)/(2 + t + 0). Calculate the greatest common factor of v and 20.
20
Let g = 366 + 384. Calculate the highest common divisor of g and 30.
30
Suppose 0 = 4*d - 5*f + 17, -2*f - 3 = -2*d - 11. Let n be d/(-9)*(6 - -27). Calculate the greatest common factor of n and 99.
11
Let n(j) = -2*j + 2*j**2 + 30 - 64 + 2*j**2 + 31. Let v be n(-2). What is the highest common divisor of v and 51?
17
Let z(k) = -3*k + 3. Let n be z(-2). Suppose -43 = -2*o - n. Let a = -39 - -175. What is the greatest common divisor of a and o?
17
Suppose -5*s + 10*s = 120. Let c(u) = 2*u**2 + 21*u + 24. Let w = 166 + -178. Let n be c(w). Calculate the highest common factor of s and n.
12
Let u(k) = -k**2 + 12*k - 14. Let v be 2 + 2 - (-1 - 4). Let r be u(v). Calculate the highest common factor of 39 and r.
13
Suppose -2*l - d + 7 = 0, l + 2*l + 5*d = 14. Let u = -49 - -58. What is the greatest common factor of l and u?
3
Let m = 9 + -4. Suppose 0 = z - 3, m*d - 12 - 160 = -4*z. Let g be 5/(25/(-20)) + 8. Calculate the highest common factor of d and g.
4
Suppose 72 = -7*m + 13*m. Calculate the highest common factor of m and 156.
12
Suppose -5*m + 2*a + 30 = -10, -5*m + 75 = 5*a. What is the highest common divisor of m and 230?
10
Let n be ((-16)/(-3))/((-16)/(-120)). Let r(w) = w**3 - 13*w**2 + 13*w + 8. Let x be r(12). What is the highest common factor of x and n?
20
Let b = 3 - -1. Suppose -f = 2*t + 6, 2 + 2 = -b*f - 3*t. What is the greatest common divisor of f and 16?
2
Suppose -3*q + 18 = -0*q. Let z = -52 + 150. Let g be z/q + (-3)/9. Calculate the greatest common factor of 16 and g.
16
Let m = -118 - -262. Let j(b) = -4 + 3*b + 15*b**2 + 3 + 3 - 4. Let r be j(1). Calculate the greatest common factor of r and m.
16
Suppose -v = 11*v - 216. Let r(b) = b**2 - 11*b - 33. Let p be r(v). What is the highest common divisor of 62 and p?
31
Let d(f) = f**3 + 7*f**2 + 8*f + 4. Let h be d(-5). Suppose 2*x - 2 = h. Calculate the highest common divisor of x and 80.
8
Let d be 2/4 - 2/4. Suppose 3*v = -2*v. Suppose v = -2*c + 5*x + 17 - 5, d = c + 5*x - 21. What is the greatest common divisor of 66 and c?
11
Suppose -y - 30 = -7*y. Let s(u) = -u + 11. Let r be s(y). Let t be (-2)/(-8) - 118/(-8). What is the highest common divisor of r and t?
3
Let s be (2/2)/((-5)/(-150)). Let t = s + 9. Let f = 31 + -18. Calculate the greatest common divisor of f and t.
13
Let c be ((-252)/10)/(96/(-640)). Calculate the greatest common factor of 84 and c.
84
Let b(v) = -4*v + 12. Let w be b(0). What is the greatest common divisor of 21 and w?
3
Let b = 614 - 572. What is the greatest common factor of b and 12?
6
Let a be (-192)/(-10) + (-5)/25. Suppose a*z - 5*z = 98. Calculate the greatest common factor of z and 14.
7
Suppose 0 = 3*t - 5 - 1. Suppose 62 = v - t*g, 5*v - 243 - 49 = 4*g. Let x be (-80)/(-60) - 40/(-6). What is the greatest common divisor of x and v?
8
Let n = 217 - 169. Calculate the greatest common divisor of n and 6.
6
Let a(i) = -5*i + 32. Let z(b) = b - 8. Let w(m) = -2*a(m) - 9*z(m). Let t be w(-4). What is the greatest common divisor of t and 32?
4
Let u be 1/2 - 30/(-20). Suppose z - u*z = -57. What is the highest common divisor of z and 38?
19
Let l(g) = g**2 - 6*g + 10. Let n be l(5). Let x be n/(5/3) + 184. What is the highest common factor of 11 and x?
11
Let o(r) = -r**3 - 4*r**2 + 9*r + 2. Let w be o(-6). Suppose -21*g + 28 = -w*g. Calculate the greatest common divisor of 252 and g.
28
Let q = 114 + -39. Let t = q - 69. Let r(u) = u**3 + 6*u**2 + 4*u + 1. Let x be r(-5). What is the greatest common divisor of t and x?
6
Let n = 6